ons digit of 222971913?
2
What is the hundred thousands digit of 4216423713?
4
What is the tens digit of 131993079?
7
What is the tens digit of 808508996?
9
What is the ten thousands digit of 17687304?
8
What is the hundred thousands digit of 24720254?
7
What is the hundred millions digit of 638213514?
6
What is the hundreds digit of 4347708147?
1
What is the thousands digit of 257646038?
6
What is the millions digit of 134478037?
4
What is the thousands digit of 14490230?
0
What is the millions digit of 1553897100?
3
What is the hundred thousands digit of 1511200?
5
What is the hundred millions digit of 168830957?
1
What is the billions digit of 1319469275?
1
What is the ten thousands digit of 137808987?
0
What is the units digit of 2339098244?
4
What is the thousands digit of 2377885704?
5
What is the ten thousands digit of 515941636?
4
What is the hundred thousands digit of 474585202?
5
What is the ten thousands digit of 45319749?
1
What is the thousands digit of 127265048?
5
What is the tens digit of 129979886?
8
What is the units digit of 2790261?
1
What is the hundred thousands digit of 1076935605?
9
What is the ten thousands digit of 303156328?
5
What is the ten millions digit of 1119892248?
1
What is the hundred millions digit of 1481236717?
4
What is the tens digit of 212441863?
6
What is the ten thousands digit of 535172891?
7
What is the units digit of 1647820018?
8
What is the thousands digit of 216531569?
1
What is the hundreds digit of 451488624?
6
What is the thousands digit of 41592129?
2
What is the ten millions digit of 44867067?
4
What is the millions digit of 588901329?
8
What is the billions digit of 3327323907?
3
What is the ten millions digit of 579369471?
7
What is the ten millions digit of 809085949?
0
What is the millions digit of 50755888?
0
What is the ten thousands digit of 755001693?
0
What is the hundred millions digit of 388895681?
3
What is the units digit of 22527427?
7
What is the units digit of 908891662?
2
What is the tens digit of 1315503754?
5
What is the hundred millions digit of 198802506?
1
What is the millions digit of 153108870?
3
What is the hundred millions digit of 1275364412?
2
What is the units digit of 34266404?
4
What is the ten thousands digit of 5234025556?
2
What is the ten thousands digit of 12035485?
3
What is the ten thousands digit of 2946899251?
9
What is the hundred thousands digit of 1091905?
0
What is the hundred thousands digit of 362345435?
3
What is the units digit of 13446182?
2
What is the thousands digit of 89634508?
4
What is the billions digit of 1430460975?
1
What is the ten millions digit of 23316137?
2
What is the thousands digit of 776530207?
0
What is the hundreds digit of 986671043?
0
What is the units digit of 142366477?
7
What is the hundreds digit of 147354146?
1
What is the ten thousands digit of 60662689?
6
What is the thousands digit of 4590095245?
5
What is the hundreds digit of 2558066961?
9
What is the thousands digit of 133291429?
1
What is the tens digit of 27022453?
5
What is the thousands digit of 15901404?
1
What is the tens digit of 101267354?
5
What is the hundred millions digit of 387765330?
3
What is the tens digit of 442725577?
7
What is the tens digit of 373052074?
7
What is the hundreds digit of 1874477684?
6
What is the hundreds digit of 43461009?
0
What is the ten millions digit of 274267840?
7
What is the ten millions digit of 1389392777?
8
What is the tens digit of 55861136?
3
What is the millions digit of 1281917701?
1
What is the units digit of 43522335?
5
What is the ten millions digit of 170356716?
7
What is the hundred millions digit of 361079017?
3
What is the billions digit of 2847225185?
2
What is the hundred thousands digit of 606399052?
3
What is the ten thousands digit of 396320925?
2
What is the hundred millions digit of 217214836?
2
What is the tens digit of 118875591?
9
What is the hundred millions digit of 345980230?
3
What is the units digit of 17115747?
7
What is the thousands digit of 454649158?
9
What is the ten thousands digit of 2187587095?
8
What is the tens digit of 50852011?
1
What is the millions digit of 44026875?
4
What is the tens digit of 4114644981?
8
What is the millions digit of 2251750603?
1
What is the ten millions digit of 81657077?
8
What is the ten millions digit of 80297309?
8
What is the ten millions digit of 1112210483?
1
What is the units digit of 31190574?
4
What is the hundreds digit of 89590351?
3
What is the millions digit of 96281152?
6
What is the hundreds digit of 906993681?
6
What is the tens digit of 151387148?
4
What is the units digit of 48535366?
6
What is the ten millions digit of 348123168?
4
What is the tens digit of 690256358?
5
What is the hundreds digit of 315304255?
2
What is the hundreds digit of 77864579?
5
What is the tens digit of 14221293?
9
What is the hundred millions digit of 631957243?
6
What is the thousands digit of 1699164487?
4
What is the hundreds digit of 111852946?
9
What is the ten millions digit of 259224494?
5
What is the hundred millions digit of 310020529?
3
What is the units digit of 2958991427?
7
What is the units digit of 1031738694?
4
What is the hundred thousands digit of 16127062?
1
What is the tens digit of 727903578?
7
What is the ten millions digit of 293317509?
9
What is the hundred thousands digit of 301746835?
7
What is the ten millions digit of 604340302?
0
What is the units digit of 38584051?
1
What is the thousands digit of 133112964?
2
What is the hundred thousands digit of 200544782?
5
What is the ten millions digit of 2811011962?
1
What is the ten millions digit of 20522104?
2
What is the hundred millions digit of 2382165325?
3
What is the hundred thousands digit of 89113849?
1
What is the hundreds digit of 29121180?
1
What is the hundred millions digit of 729069070?
7
What is the hundreds digit of 329578349?
3
What is the ten thousands digit of 67428599?
2
What is the thousands digit of 1193205714?
5
What is the hundred thousands digit of 188964455?
9
What is the ten thousands digit of 198433629?
3
What is the hundred thousands digit of 328621169?
6
What is the units digit of 764397817?
7
What is the ten thousands digit of 44893481?
9
What is the tens digit of 5316844415?
1
What is the units digit of 155766990?
0
What is the hundreds digit of 425894348?
3
What is the thousands digit of 593787468?
7
What is the tens digit of 68933679?
7
What is the millions digit of 303997161?
3
What is the hundred millions digit of 162140299?
1
What is the ten millions digit of 206989153?
0
What is the ten millions digit of 50272567?
5
What is the thousands digit of 63690404?
0
What is the ten millions digit of 820075209?
2
What is the thousands digit of 466471082?
1
What is the ten thousands digit of 1771585478?
8
What is the thousands digit of 354944080?
4
What is the hundred thousands digit of 51030098?
0
What is the ten thousands digit of 2274780624?
8
What is the hundred thousands digit of 98510875?
5
What is the ten thousands digit of 716246626?
4
What is the units digit of 2047067946?
6
What is the hundred thousands digit of 682578914?
5
What is the hundred thousands digit of 43634165?
6
What is the millions digit of 88504113?
8
What is the tens digit of 8224712?
1
What is the units digit of 153508885?
5
What is the tens digit of 14697643?
4
What is the hundred millions digit of 117192361?
1
What is the ten millions digit of 1246008239?
4
What is the thousands digit of 3896327560?
7
What is the millions digit of 68835369?
8
What is the hundreds digit of 37999639?
6
What is the hundred thousands digit of 5909609457?
6
What is the tens digit of 2641735602?
0
What is the hundred millions digit of 349943251?
3
What is the ten millions digit of 85645605?
8
What is the tens digit of 482509?
0
What is the ten thousands digit of 3436319?
3
What is the millions digit of 2219462888?
9
What is the millions digit of 26962181?
6
What is the thousands digit of 113286127?
6
What is the ten thousands digit of 2825823474?
2
What is the hundreds digit of 21492998?
9
What is the hundred thousands digit of 95061655?
0
What is the hundreds digit of 2669164675?
6
What is the millions digit of 2850433992?
0
What is the tens digit of 78874075?
7
What is the hundred millions 